divided by g.
44
Let b(h) = 123*h**2 + 94*h + 97. Calculate the remainder when 6294 is divided by b(-1).
120
Suppose 5*u = 2*h + 92, 3*u - 4*h + 54 - 98 = 0. Calculate the remainder when 1899 is divided by u.
19
Suppose 5*s = 2*w + s - 18, 2*w = -3*s + 18. Let a = -212 - -303. Let v = a - 77. Calculate the remainder when v is divided by w.
5
Calculate the remainder when 9 - 8/12*(-15645)/14 is divided by 126.
124
Let m be (-14415)/(-248) + (-1)/8. Let s = -29 + m. Calculate the remainder when s is divided by 13.
3
Suppose 36 = 3*m - 0*m. Suppose 0 = 2977*s - 3051*s + 1924. What is the remainder when s is divided by m?
2
What is the remainder when 852 is divided by (30/4)/((-1524)/(-166624))?
32
Suppose -39*t + 37*t = -8. Suppose t*h + 3*d - 138 = -23, -h + 25 = -3*d. Calculate the remainder when 136 is divided by h.
24
Suppose y = 15*y + 242 - 1306. What is the remainder when 197 is divided by y?
45
Calculate the remainder when 502 is divided by (-150 - -158)/(4/(-14) - (-47)/140).
22
Let x = -2645 - -2679. Calculate the remainder when 336 is divided by x.
30
Let x be (-12)/(2*3/1164*-4). Let z = x + -529. Calculate the remainder when z is divided by 1*(0 + -1) + 21.
13
Suppose -126*a - 35*a = -33810. Calculate the remainder when a is divided by 31.
24
Suppose -o = 4*d - 18, o - 5*d = -2*d - 10. Suppose o*g - g - 46 = 0. Let r = 31 + -19. Calculate the remainder when g is divided by r.
10
Suppose -3*a + 28 = 7. Suppose a*g - 85 = 34. Calculate the remainder when 18 is divided by g.
1
Suppose -8*p + 3*p = -110. Let w(r) = r**3 + 6*r**2 - 8*r + 5. Let y be w(-6). Let s = 92 - y. What is the remainder when s is divided by p?
17
Let x(t) = -t**3 - t**2 - t - 258. Let g be x(0). Suppose 5*h = -2*y + 59, 3*y + 103 = 7*y + 5*h. Calculate the remainder when (1/3)/((-2)/g) is divided by y.
21
Calculate the remainder when 275 is divided by (84/63)/(2/39).
15
Suppose -58*u - 95 + 555 = -4. What is the remainder when u is divided by (3 - 2) + 0 + 1?
0
Suppose 142*w = 62*w - 124*w + 4284. What is the remainder when 15789 is divided by w?
18
Let v(f) = -2*f**2 + 11*f + 13. Let a be v(9). Let u = a - -104. What is the remainder when 375 is divided by u?
51
Suppose -6*s + 16 = -2*s. Suppose -2*b = -2*m - 50, 0*b - 100 = -s*b - 5*m. Calculate the remainder when b is divided by 4.
1
Let p = 9761 + -8064. What is the remainder when p is divided by 112?
17
Let x(q) = q**2 - 12*q - 4. Let f = -36 - -50. What is the remainder when 143 is divided by x(f)?
23
Let k(x) = 3*x**2 + 30*x - 22. Suppose 5*z = 2*y - 76, z - 8*y + 29 = -3*y. What is the remainder when k(z) is divided by 50?
46
Suppose -190 - 98 = -7*i + 62. Calculate the remainder when 112 is divided by i.
12
Suppose 2*i = 4*t - 8, 4*t - 4*i - 37 = -21. Suppose 5*c - 440 + 405 = t. Calculate the remainder when 167 is divided by c.
6
Let d(y) = -y**3 + 16*y**2 - 14*y - 10. Suppose m - 14 = 1. Let o = 63 - 45. What is the remainder when o is divided by d(m)?
3
Suppose -2*h = 2, 2*h + 49 = 3*a - 2*h. Suppose a*i = 2430 + 2205. What is the remainder when i is divided by 39?
36
Let k be ((-3)/2)/(3/28). Let a = 37 + k. Calculate the remainder when a is divided by 172/14 - (-30)/(-105).
11
Let o = -8 + 12. Let a(x) = -10*x**3 + 2*x**2 + 2*x + 8. Let g be a(o). What is the remainder when (-1)/(2*4/g) is divided by 25?
24
Let w(c) = 36*c - 452. Let d be w(14). Suppose -2*y = 5*a - a + 76, -4*y = 4*a + 136. Let p = y + d. What is the remainder when 175 is divided by p?
21
Suppose -3*v - 4*t + 32 = 0, 2*t - 40 = -5*v - 2*t. Suppose -v*m - 24*f = -29*f - 1474, -1478 = -4*m + 3*f. What is the remainder when m is divided by 12?
11
Let b(m) = 365*m - 2830. What is the remainder when 5935 is divided by b(8)?
85
Let v(n) = -n**3 - 56*n**2 - 221*n - 310. What is the remainder when v(-52) is divided by 182?
2
Let f(z) = -z**2 + 187*z - 3902. Let n(u) = -207*u**3 + u + 1. What is the remainder when n(-1) is divided by f(24)?
7
Suppose -5*q = -f - 10 + 123, 2*f + 2*q - 214 = 0. Let b(v) = 5*v**2 + 22*v - 11. What is the remainder when f is divided by b(-6)?
34
Calculate the remainder when (-4)/14 + (-1434)/(-21) is divided by (8 - 36 - (-7540)/261)*27/2.
8
Let u be 2/(-6) - (50/15)/(-1). Suppose u*s + 4*c - 72 = 0, 0 = -5*s - 16*c + 18*c + 94. Calculate the remainder when 154 is divided by s.
14
Suppose 5*c - 22*o + 17*o = 35, 2*c + o - 14 = 0. Calculate the remainder when 115 is divided by c.
3
Let d = 91 + -84. Let g = 790 - 784. What is the remainder when d is divided by g?
1
Let v = 6 + -3. Suppose v*t - 2*h - 16 = 0, -3*t + 0 = -h - 11. Suppose 3*w = -2*l + 5, 4*w + t*l - 3 = 7. Calculate the remainder when 19 is divided by w.
4
Suppose 0 = -13*m + 14*m + 7. Let i = -5 - m. Suppose 2*t = i*l - 154, -2*l + 166 = 5*t + 19. What is the remainder when l is divided by 26?
24
Calculate the remainder when 200 is divided by (-66)/(((-208)/24)/13).
2
Suppose 4*z = -5*b + 161 - 16, -4*b = -3*z + 70. What is the remainder when 376 is divided by z?
16
Let v(h) = -19*h - 18. Let u be v(6). Let l = -134 - u. What is the remainder when 81 is divided by (-4 - (l + 12))*-1?
11
Suppose -34*m + 12386 = -18044. Let c = m - 242. Calculate the remainder when c is divided by 82.
79
Let x be (-3 + 0 + 1)*24396/(-152). Suppose -5*a + 856 = x. Suppose 5*v = -4*t + 34, t - 3*v = 4*t - 27. Calculate the remainder when a is divided by t.
8
Suppose 4*j + 5*n = 967, -j + 9*n = 6*n - 229. What is the remainder when 247 is divided by j?
9
Let w(z) = -4*z - 128. Let o be w(-33). Let t = 14 - o. What is the remainder when 919 is divided by t?
9
Suppose -5*w + h = -7697, 0*w - 3*w - h + 4623 = 0. What is the remainder when w is divided by 129?
121
Let c = 2267 - 2244. Suppose 6*w - 2*w - 36 = 0. Calculate the remainder when c is divided by w.
5
Calculate the remainder when 4182 is divided by ((-7)/21)/((-5)/(230 + -5)).
12
Suppose 0*o - 8 = -2*o. Let h(p) = -p + 5. Let f be h(o). Let g = f + 3. Calculate the remainder when 9 is divided by g.
1
Suppose -100*j = -103*j - 9. Let z(h) = h**3 + 4*h**2 - h + 12. Calculate the remainder when 63 is divided by z(j).
15
Suppose -5*o + 1783 = 3*a, -3*a + 37*o + 1787 = 41*o. Calculate the remainder when a is divided by 8.
1
Suppose -3225*p = -3197*p - 392. What is the remainder when 61 is divided by p?
5
Calculate the remainder when (154/(-50) - -3) + 24162/150 is divided by 52.
5
Suppose 2*t - 3*d - 141 = 0, 41*t = 36*t + 5*d + 350. Calculate the remainder when 320 is divided by t.
44
Suppose 3*c + 2*t = 40, -3019*t + 3014*t - 53 = -c. Let q(m) = m**3 + 8*m**2 - 5*m + 4. Calculate the remainder when q(5) is divided by c.
16
Suppose -2370 = -9*d - 309. What is the remainder when 865 is divided by d?
178
Let p be (-3)/(-4) - 46*24/(-64). Calculate the remainder when 59 is divided by 294/54 - 8/p.
4
Let y be (-11)/(-22)*(212 + 0). Suppose 3*b = 5*a + y, -5*b + 4*a + 68 = -3*b. Calculate the remainder when b is divided by 22.
20
Let c = -153 - -153. Suppose -3*j + 22 + 17 = c. Calculate the remainder when 87 is divided by j.
9
Suppose -7*t = -4*t. Let o be (t + -9)/((-3)/(-8)). What is the remainder when o/(-36)*666/4 is divided by 57?
54
Let m(j) = -2*j**2 - 38*j + 339. What is the remainder when 296 is divided by m(-25)?
23
Suppose 4*l = -0*b + 5*b - 198, 2*b - 70 = -3*l. What is the remainder when ((-355)/10 - 2)*1*-2 is divided by b?
37
Suppose 2*n - 86 = 188*r - 190*r, r - 39 = n. What is the remainder when 692 is divided by r?
36
Suppose -21*j + 6288 = 241*j. Let t = 11 + -6. Suppose -t*w + 46 = -4*w. Calculate the remainder when w is divided by j.
22
Let y = -13797 - -13799. What is the remainder when 465 is divided by y?
1
Let y = -284 + 289. Suppose 0 = y*h - 19 - 341. Calculate the remainder when h is divided by 16.
8
Suppose -17*t + 22*t - 168 = -2*i, 0 = -4*t - 5*i + 131. Calculate the remainder when 508 is divided by t.
32
Let d(v) = 4*v**2 - 2*v + 7. Let j be d(10). Suppose 0 = -17*t + j + 38. Calculate the remainder when 93 is divided by t.
18
Let v = -2063 + 2205. What is the remainder when v is divided by 12?
10
Let j be (-4)/(-28) + (-3)/21. Suppose j*k - k = 6. What is the remainder when (-6)/(-4) - 273/k is divided by 17?
13
Suppose f = -b - 4, 0 = -6*b + 3*b + 2*f + 8. Suppose b = -3*k - k + 504. 